0?
34
Calculate the remainder when 5677 is divided by 34.
33
What is the remainder when 38 is divided by 8?
6
Calculate the remainder when 579 is divided by 129.
63
Calculate the remainder when 3709 is divided by 46.
29
What is the remainder when 4097 is divided by 50?
47
What is the remainder when 1751 is divided by 582?
5
What is the remainder when 668 is divided by 24?
20
Calculate the remainder when 360 is divided by 39.
9
What is the remainder when 120 is divided by 20?
0
What is the remainder when 11559 is divided by 47?
44
What is the remainder when 13533 is divided by 47?
44
What is the remainder when 129 is divided by 27?
21
What is the remainder when 403 is divided by 84?
67
Calculate the remainder when 211 is divided by 26.
3
Calculate the remainder when 968 is divided by 933.
35
Calculate the remainder when 105 is divided by 4.
1
What is the remainder when 260 is divided by 74?
38
What is the remainder when 3400 is divided by 63?
61
Calculate the remainder when 298 is divided by 60.
58
Calculate the remainder when 114 is divided by 42.
30
What is the remainder when 3159 is divided by 62?
59
What is the remainder when 66 is divided by 27?
12
Calculate the remainder when 195 is divided by 98.
97
What is the remainder when 516 is divided by 20?
16
What is the remainder when 4272 is divided by 15?
12
What is the remainder when 5296 is divided by 31?
26
What is the remainder when 160 is divided by 136?
24
Calculate the remainder when 82 is divided by 48.
34
What is the remainder when 484 is divided by 70?
64
What is the remainder when 180 is divided by 28?
12
What is the remainder when 3936 is divided by 31?
30
Calculate the remainder when 172 is divided by 171.
1
What is the remainder when 607 is divided by 40?
7
Calculate the remainder when 859 is divided by 271.
46
What is the remainder when 29 is divided by 7?
1
What is the remainder when 111 is divided by 34?
9
What is the remainder when 5824 is divided by 62?
58
Calculate the remainder when 155 is divided by 20.
15
Calculate the remainder when 16846 is divided by 117.
115
What is the remainder when 82 is divided by 28?
26
What is the remainder when 1494 is divided by 221?
168
Calculate the remainder when 380 is divided by 248.
132
Calculate the remainder when 455 is divided by 23.
18
What is the remainder when 732 is divided by 48?
12
What is the remainder when 321 is divided by 164?
157
Calculate the remainder when 257 is divided by 35.
12
Calculate the remainder when 95 is divided by 33.
29
Calculate the remainder when 470 is divided by 20.
10
What is the remainder when 63038 is divided by 160?
158
Calculate the remainder when 466 is divided by 165.
136
Calculate the remainder when 143 is divided by 7.
3
Calculate the remainder when 1714 is divided by 52.
50
Calculate the remainder when 29 is divided by 17.
12
Calculate the remainder when 437 is divided by 44.
41
What is the remainder when 1028 is divided by 43?
39
Calculate the remainder when 203 is divided by 3.
2
What is the remainder when 1109 is divided by 6?
5
What is the remainder when 470 is divided by 234?
2
Calculate the remainder when 212 is divided by 108.
104
Calculate the remainder when 649 is divided by 135.
109
What is the remainder when 4611 is divided by 13?
9
What is the remainder when 139 is divided by 81?
58
What is the remainder when 345 is divided by 45?
30
What is the remainder when 547 is divided by 91?
1
Calculate the remainder when 258 is divided by 55.
38
What is the remainder when 57 is divided by 37?
20
What is the remainder when 414 is divided by 52?
50
Calculate the remainder when 35373 is divided by 132.
129
Calculate the remainder when 596 is divided by 36.
20
Calculate the remainder when 70 is divided by 41.
29
Calculate the remainder when 64 is divided by 18.
10
What is the remainder when 180 is divided by 173?
7
What is the remainder when 1153 is divided by 14?
5
Calculate the remainder when 382 is divided by 118.
28
Calculate the remainder when 42478 is divided by 144.
142
Calculate the remainder when 656 is divided by 213.
17
What is the remainder when 66 is divided by 28?
10
What is the remainder when 33 is divided by 6?
3
What is the remainder when 40 is divided by 7?
5
What is the remainder when 149 is divided by 33?
17
What is the remainder when 97 is divided by 8?
1
What is the remainder when 462 is divided by 114?
6
What is the remainder when 158 is divided by 82?
76
Calculate the remainder when 934 is divided by 134.
130
What is the remainder when 145 is divided by 19?
12
Calculate the remainder when 947 is divided by 38.
35
Calculate the remainder when 513 is divided by 42.
9
Calculate the remainder when 306 is divided by 37.
10
Calculate the remainder when 536 is divided by 259.
18
What is the remainder when 6039 is divided by 19?
16
What is the remainder when 78 is divided by 22?
12
Calculate the remainder when 1760 is divided by 84.
80
Calculate the remainder when 1000 is divided by 91.
90
Calculate the remainder when 810 is divided by 135.
0
What is the remainder when 884 is divided by 109?
12
Calculate the remainder when 153 is divided by 80.
73
What is the remainder when 700 is divided by 111?
34
What is the remainder when 6032 is divided by 159?
149
Calculate the remainder when 130 is divided by 45.
40
What is the remainder when 445 is divided by 8?
5
What is the remainder when 1641 is divided by 437?
330
What is the remainder when 56 is divided by 46?
10
What is the remainder when 1229 is divided by 19?
13
What is the remainder when 733 is divided by 129?
88
Calculate the remainder when 2297 is divided by 115.
112
Calculate the remainder when 688 is divided by 10.
8
Calculate the remainder when 76 is divided by 21.
13
Calculate the remainder when 425 is divided by 71.
70
Calculate the remainder when 831 is divided by 40.
31
What is the remainder when 1053 is divided by 365?
323
What is the remainder when 1057 is divided by 519?
19
Calculate the remainder when 160 is divided by 8.
0
What is the remainder when 70429 is divided by 248?
245
Calculate the remainder when 2840 is divided by 203.
201
What is the remainder when 64 is divided by 35?
29
Calculate the remainder when 26495 is divided by 69.
68
What is the remainder when 1324 is divided by 34?
32
What is the remainder when 527 is divided by 136?
119
What is the remainder when 686 is divided by 34?
6
Calculate the remainder when 1553 is divided by 74.
73
What is the remainder when 373 is divided by 42?
37
Calculate the remainder when 390 is divided by 128.
6
Calculate the remainder when 41 is divided by 27.
14
What is the remainder when 9902 is divided by 283?
280
Calculate the remainder when 13132 is divided by 23.
22
Calculate the remainder when 2190 is divided by 51.
48
What is the remainder when 587 is divided by 288?
11
What is the remainder when 7749 is divided by 125?
124
Calculate the remainder when 897 is divided by 3.
0
What is the remainder when 1085 is divided by 241?
121
What is the remainder when 33 is divided by 22?
11
Calculate the remainder when 33 is divided by 8.
1
Calculate the remainder when 99 is divided by 45.
9
What is the remainder when 245 is divided by 48?
5
Calculate the remainder when 38 is divided by 24.
14
Calculate the remainder when 280 is divided by 109.
62
What is the remainder when 70 is divided by 20?
10
Calculate the remainder when 6747 is divided by 45.
42
Calculate the remainder when 369 is divided by 34.
29
What is the remainder when 397 is divided by 16?
13
Calculate the remainder when 413 is divided by 60.
53
Calculate the remainder when 284 is divided by 9.
5
Calculate the remainder when 219 is divided by 103.
13
What is the remainder when 1365 is divided by 35?
0
What is the remainder when 369 is divided by 43?
25
Calculate the remainder when 109 is divided by 38.
33
Calculate the remainder when 320 is divided by 33.
23
Calculate the remainder when 285 is divided by 43.
27
Calculate the remainder when 1066 is divided by 288.
202
What is the remainder when 2018 is divided by 5?
3
What is the remainder when 1337 is divided by 124?
97
What is the remainder when 1452 is divided by 12?
0
What is the remainder when 222 is divided by 8?
6
What is the remainder when 1513 is divided